3 + 10*g**2 - 10*g + 13. What are the prime factors of k(i)?
2
Let u = -118 + 272. Suppose 2*j - 70 = -2*a + 6, -u = -5*j + 4*a. List the prime factors of j.
2, 17
Suppose 0 = 2*r + 5*c - 218 - 193, -2*c = -4*r + 786. What are the prime factors of r?
2, 3, 11
Let a be ((-16)/10)/(4/(-10)). Suppose 0 = -2*q + a*q - 3*n - 28, -2*n = -2*q + 26. What are the prime factors of q?
11
What are the prime factors of (-3)/4 + (-9528)/(-32)?
3, 11
Let z = 5 - 13. Let x be (1 - 0)*(-19)/(-1). Let j = z + x. List the prime factors of j.
11
Let a = -48 + 104. What are the prime factors of a?
2, 7
List the prime factors of (40*(-7)/(-21))/(2/27).
2, 3, 5
Suppose -3*q = -q + 24. What are the prime factors of (8/q - 0)*-12?
2
Suppose 2*l + d + 64 = 251, 5*l - 472 = 2*d. Let s = l - 54. List the prime factors of s.
2, 5
Suppose 38 = 2*l + 2*s, 4*s = 2*l - 33 + 7. Let t = l - 11. Suppose -t - 18 = -4*u. List the prime factors of u.
2, 3
Suppose -q + 4*q - 477 = 0. What are the prime factors of q/9 - 2/(-6)?
2, 3
Let q(s) = -s**2 - 7*s - 3. Let v = -1 + -2. What are the prime factors of q(v)?
3
Suppose -1 = -2*q - 9. List the prime factors of q/(-2)*6/6.
2
Let i = 4 + -4. What are the prime factors of 10 - (0 - 1) - i?
11
Let s be 2/4 + 52/8. Let b = s - 2. What are the prime factors of b?
5
Let v(l) = -l**2 - 20*l - 11. Let b be v(-17). Let q = 65 - b. List the prime factors of q.
5
Let y = 8 + -1. Suppose h + t - 15 = 0, -3*h + 76 = 4*t + 27. Let s = h - y. What are the prime factors of s?
2
Let n(c) = 8*c - 4 + 5*c - 3*c. List the prime factors of n(6).
2, 7
Let w be (4/6)/(3/9). List the prime factors of 104/6 - w/6.
17
Suppose 0*a + 1 = -2*a + 5*p, 2*p + 2 = 2*a. Suppose 0 = -4*n + v - 61, -a*v + 8 = -2. Let c = 26 + n. What are the prime factors of c?
2, 3
Let n(l) = -l**3 - 10*l**2 - 8*l + 2. Let r(t) = 2*t**3 + 19*t**2 + 15*t - 4. Let g(i) = -11*n(i) - 6*r(i). List the prime factors of g(-4).
2, 5
Let c be (-4)/6 + 50/(-6). Let d be (-2)/c - (-212)/18. List the prime factors of 1/3 + 128/d.
11
Suppose m = 2*m - 2*v + 35, -4*v - 30 = 2*m. Let c = 13 + m. List the prime factors of 37/5 - c/(-30).
7
Let a(m) = -m**3 + 2*m**2 + 3*m - 2. Let s be a(3). Let i = -1 - s. Let o = i + 4. What are the prime factors of o?
5
Let d(b) = -8*b + 5. What are the prime factors of d(-4)?
37
Let p = 221 - 150. What are the prime factors of p?
71
Let h = 31 - 23. List the prime factors of h.
2
Suppose 6 = -i - i. Let r be (i/3 - -111) + 0. Suppose -5*t - 5*q = -r, 0 = 4*t - 2*q - 0*q - 70. What are the prime factors of t?
19
Suppose 15 = 6*m - 3*m. List the prime factors of m.
5
Let l = 22 - 12. Let w = l - 18. Let g = w + 18. List the prime factors of g.
2, 5
Suppose -2*o + o - 3 = 0, o = 5*w - 23. Suppose m - 2*i = 4, w*m + 2*i - 16 = 3*m. What are the prime factors of m?
2, 5
List the prime factors of (-62)/(-2) + 5*(-8)/(-20).
3, 11
Suppose 5*n + 25 = 0, 2*k - n = 5*k - 352. List the prime factors of k.
7, 17
Let v(z) be the third derivative of -z**6/120 - z**5/15 + z**4/8 - z**3 - z**2. What are the prime factors of v(-5)?
2
Suppose -180 = 4*v + v. Let l = 81 + v. List the prime factors of l.
3, 5
Suppose 4*g = 3*d + 8 - 0, 3*g + 5*d = 6. Let v(f) = 2*f**2 + 3*f + 2. Let q be v(-3). Suppose x = g*x - q. What are the prime factors of x?
11
Let d(q) = -2*q**3 + 2*q - 3. List the prime factors of d(-3).
3, 5
Suppose 0*a - 2*a = -8. Suppose -3*s - 17 = -a*s. List the prime factors of s.
17
What are the prime factors of (-76)/(-6)*(-6)/(-4)?
19
Let p = 3 + -8. Let o = -1 - p. Suppose -o*q - 2*c = -6, -2*q + 4*c = q - 32. What are the prime factors of q?
2
List the prime factors of ((-14)/(-6))/((-4)/(-12)).
7
Let v = 25 + -17. Suppose 0 = a - k - 14, -2*a + v = -4*k - 12. What are the prime factors of a?
2, 3
Suppose -4*s + 18 = -7*s. Let t = -17 + 26. Let o = t - s. List the prime factors of o.
3, 5
What are the prime factors of (17/2)/(2 + 172/(-88))?
11, 17
Suppose 30 = 5*u - 10*u. Let p = 12 + u. List the prime factors of p.
2, 3
Let l = -6 - -21. Let h(o) = l + 4*o - 2 - 3*o - 1. List the prime factors of h(-7).
5
Let g = -114 - -238. List the prime factors of g.
2, 31
Let q(p) = -p + 0*p + 1 + 0 + 0. Let h be q(-3). Let t(m) = -m**2 + 6*m + 1. List the prime factors of t(h).
3
List the prime factors of (1 + -1)/4 + 37.
37
Let f(q) = -6*q - 4. Let z(g) = g + 3. Let v be z(-6). What are the prime factors of f(v)?
2, 7
Suppose l - 3*l + 10 = 0. Suppose -l*f + 23 = -4*f. What are the prime factors of f?
23
Let q(d) = 6 + 6 + 7 - 3 + d. List the prime factors of q(7).
23
Suppose -c + 84 = -4*c. Let v be (-3)/(-7) + 12/c. Suppose v*i + 58 = 4*i + 2*b, 4*b = 2*i - 24. What are the prime factors of i?
2, 7
Let m(c) = 46*c - 1. List the prime factors of m(1).
3, 5
Let s be -3*6/(-9)*2. Suppose -v + 40 = s*i + 3*v, 0 = -3*v - 6. What are the prime factors of i?
2, 3
Suppose -2*n + 3*y + 280 = 0, n - 560 = -3*n - 5*y. Suppose -n = -5*g + g. What are the prime factors of g?
5, 7
Let n(c) = -c**2 + 30*c - 24. List the prime factors of n(12).
2, 3
Suppose 5*z = -0*z + 385. What are the prime factors of z?
7, 11
Let k(a) = a**3 - 15*a**2 - 23*a + 38. List the prime factors of k(17).
3, 5
Let z = -1 + -71. What are the prime factors of 18/8*z/(-27)?
2, 3
Let n(w) = w**2 + 3*w - 4. Let j be n(-4). Suppose -2*a + 3*h = -7, -3*a + 8*a = 4*h + 14. Suppose j = -b + a + 5. List the prime factors of b.
7
Let m(c) = 22*c**2 + 2*c - 1. Let b be m(2). Let v = b - 58. List the prime factors of v.
3, 11
Let k(i) = -i + 5. Let x be k(-5). Suppose n + x = 3*n. Suppose 8 = n*j - 42. List the prime factors of j.
2, 5
Let c be (-120)/(-21) + (-2)/(-7). Suppose -f = c - 25. List the prime factors of f.
19
Suppose 0 = 5*o - 2 - 273. List the prime factors of o.
5, 11
What are the prime factors of (14 - (-3)/(-3))*4?
2, 13
Suppose 3*j = j. Suppose -5*y + 134 = 5*m - 3*y, y + 3 = j. What are the prime factors of m?
2, 7
Let y(n) = -1. Let q(c) be the first derivative of 5*c**2/2 - 9*c + 2. Let w(z) = q(z) - 6*y(z). What are the prime factors of w(3)?
2, 3
Let f = 7 - 3. Let x be -1*1/(-2)*0. Suppose -f*i = x, 5*i - 3 = -4*u + 25. List the prime factors of u.
7
Suppose 6*v - v - 30 = 0. Let s be 153/v*(-4)/3. Let p = 50 + s. What are the prime factors of p?
2
Suppose -i + 3*t = -19, 0*i - 5*i - t + 15 = 0. Let r(z) = -2*z + 4 - 5 + 0 - i*z. List the prime factors of r(-4).
23
Suppose -3*g = -3*x + 6, -4*g - 4 = -2*x - 0. Suppose -o + 4*o - 21 = g. What are the prime factors of o?
7
Let v be (-1)/(-1*(-3)/9). Let g be v/12 + 85/4. Let p = -13 + g. List the prime factors of p.
2
Suppose 2*x - 10 = x. Let m(j) = 2*j**3 + 2*j**2 + 2. Let t be m(-2). Let g = x + t. What are the prime factors of g?
2
Let b(k) = -k**2 - 13*k - 8. Let g be b(-6). Let y = g + -21. Let n = y - 5. What are the prime factors of n?
2
List the prime factors of (-6)/4*(-3 - 5).
2, 3
Suppose -2*j - 5*t + 401 = 0, 4*j + 3*t = 6*j - 425. List the prime factors of j.
2, 13
Let t(k) = 2*k**2 - 29*k + 11. Let v(m) = -m**2 + 15*m - 6. Let f(d) = 4*t(d) + 7*v(d). What are the prime factors of f(12)?
2, 7
What are the prime factors of (-4 - (-258)/9)*3?
2, 37
Let f(p) = p**3 - p**2 + p - 1. Let h be f(1). Suppose 0*n + n - 45 = h. Suppose 3*x - n = -2*x. What are the prime factors of x?
3
List the prime factors of 220 - -1 - (-6 + 1 - -9).
7, 31
Suppose 2*a + 154 = -12. Let q = -43 - a. List the prime factors of q.
2, 5
Suppose -2*s = -3 - 1. Suppose 5*p - 1 = 2*p + s*c, 2*c = -3*p - 7. What are the prime factors of ((-4)/(-8))/(p/(-22))?
11
Suppose -k = k - 60. Suppose 0*b - k = -3*b. List the prime factors of b.
2, 5
Let s = -7 + 11. Suppose -s = -0*a - a. What are the prime factors of a?
2
List the prime factors of 57 - (-2 + 6 + -2).
5, 11
Let t(k) = -k**3 + 4*k**2 - 2*k + 1. Let r be t(3). Let v(s) = -s**3 + 4*s**2 - 5*s - 3*s**2 + r*s**2 + 2. List the prime factors of v(3).
5
Let m(s) = 2*s**2 + 7*s - 6. Suppose -o - 8 = -2*a, -a + 4 = -3*o - 15. List the prime factors of m(o).
2, 3
Let a = 268 + -128. What are the prime factors of a?
2, 5, 7
Suppose u = 5*t - 525, t - 40 = u + 61. Suppose -t + 11 = -5*b. What are the prime factors of b?
19
Let w = 27 - -63. List the prime factors of w.
2, 3, 5
Let x(h) be the second derivative of h**6/3